at is 364 - 50?
314
In base 12, what is -2 - -385?
383
In base 15, what is 2a8 + 2?
2aa
In base 6, what is 4 + 125?
133
In base 6, what is -32 - 10?
-42
In base 5, what is 1 + -121?
-120
In base 8, what is -36 - -2?
-34
In base 2, what is 11001110111111 + -1?
11001110111110
In base 10, what is -219 - -1?
-218
In base 12, what is -224 + 5?
-21b
In base 15, what is -7 + c?
5
In base 6, what is 305 - 4?
301
In base 15, what is 1 - 960?
-95e
In base 7, what is -120 + -26?
-146
In base 8, what is 2 - -247?
251
In base 10, what is -2 - 7?
-9
In base 12, what is -2 - 207?
-209
In base 3, what is 2012 - 0?
2012
In base 2, what is -101 - 10110?
-11011
In base 16, what is -96 - -6?
-90
In base 10, what is 2721 - 5?
2716
In base 4, what is 1 + 1132?
1133
In base 13, what is b + 1cb?
209
In base 11, what is 0 - a62?
-a62
In base 8, what is 17 + -7?
10
In base 15, what is -12 - 7?
-19
In base 4, what is 223023 - 3?
223020
In base 15, what is 1 + -9?
-8
In base 5, what is -2 - -131?
124
In base 8, what is -2 - -132?
130
In base 2, what is 101001 + 1110100?
10011101
In base 14, what is 24c + 4?
252
In base 15, what is 3 + 232?
235
In base 3, what is -210100 - -12?
-210011
In base 11, what is 33 - -7?
3a
In base 7, what is -2 - 150?
-152
In base 9, what is 6346 + 3?
6350
In base 6, what is -421 - 22?
-443
In base 8, what is 1 + 63?
64
In base 12, what is -7 + -15?
-20
In base 3, what is 11 + -2001111?
-2001100
In base 13, what is -a - 4?
-11
In base 11, what is -6 + -525?
-530
In base 12, what is 5a - 4?
56
In base 15, what is -2 + 1344?
1342
In base 3, what is -10 + -12001?
-12011
In base 9, what is 6 - 3?
3
In base 3, what is -12112 - 12121?
-102010
In base 8, what is -31 + -1?
-32
In base 11, what is -1 - 35?
-36
In base 7, what is 1 + 132?
133
In base 5, what is -41 + -22?
-113
In base 13, what is 2 - -202?
204
In base 7, what is -1 - 50?
-51
In base 15, what is 2 + 4b?
4d
In base 6, what is 100 + 124?
224
In base 7, what is -1015 + 10?
-1005
In base 13, what is 48 - -12?
5a
In base 13, what is 2 - -42?
44
In base 9, what is 2845 - -5?
2851
In base 9, what is -74 + -6?
-81
In base 16, what is -43e - -5?
-439
In base 11, what is -6 - 82?
-88
In base 11, what is -24 + 24?
0
In base 6, what is 1045 - 0?
1045
In base 8, what is 376 - -1?
377
In base 15, what is bc - 0?
bc
In base 2, what is 111111111 - -11?
1000000010
In base 7, what is 1421 - -20?
1441
In base 9, what is 7352 - 4?
7347
In base 4, what is -220 - -3?
-211
In base 2, what is -10011001010 - 1110?
-10011011000
In base 7, what is -23 - 134?
-160
In base 5, what is -220323 + 10?
-220313
In base 4, what is 10212 - 0?
10212
In base 6, what is 5 - -2105?
2114
In base 7, what is -442 + 40?
-402
In base 6, what is 241 + 1?
242
In base 3, what is 1 + 2202?
2210
In base 11, what is 13602 - 3?
135aa
In base 11, what is 1aa - 22?
188
In base 14, what is -14d - 9?
-158
In base 4, what is 32 + 33110?
33202
In base 5, what is -2 - -21411?
21404
In base 16, what is 55 - 0?
55
In base 11, what is -1aa75 + -2?
-1aa77
In base 10, what is -4 - 977?
-981
In base 16, what is -1 + -dbc?
-dbd
In base 3, what is 2 - 2000?
-1221
In base 5, what is -1121 - 2?
-1123
In base 10, what is 41 + 3?
44
In base 14, what is 1a - -12d?
149
In base 4, what is 232210 - -3?
232213
In base 15, what is 8 + 5d?
66
In base 4, what is 22102 + -1?
22101
In base 2, what is -1011 - 110010?
-111101
In base 13, what is 8 + -65?
-5a
In base 11, what is -3 + 6?
3
In base 4, what is -10 + -1012?
-1022
In base 2, what is -10000000 + 10?
-1111110
In base 9, what is -11 + 55?
44
In base 9, what is -88 - -18?
-70
In base 12, what is 6 + -21?
-17
In base 10, what is 83 - 54?
29
In base 11, what is 1 + -3983?
-3982
In base 2, what is -1110111 - -100?
-1110011
In base 2, what is 100 + 10111111100?
11000000000
In base 11, what is 57 - 30?
27
In base 8, what is -13576 + -5?
-13603
In base 6, what is 2232 - 2?
2230
In base 14, what is -116 - 13?
-129
In base 9, what is 18 + 653?
672
In base 7, what is -2 + -41?
-43
In base 6, what is -1013 + -13?
-1030
In base 6, what is 51 - -1?
52
In base 16, what is -47 - -11?
-36
In base 14, what is 29 - -49?
74
In base 8, what is 2 + 4502?
4504
In base 7, what is 1 - -20015?
20016
In base 10, what is -11234 + 5?
-11229
In base 9, what is 14 + 21?
35
In base 9, what is 0 + 2243?
2243
In base 11, what is 48 - -5?
52
In base 11, what is 0 + -9?
-9
In base 5, what is 2102 - -10?
2112
In base 13, what is 1 + 6ab?
6ac
In base 7, what is -4 - 363?
-400
In base 13, what is 72 - 3?
6c
In base 13, what is 5 + -25?
-20
In base 10, what is 10 - 111?
-101
In base 6, what is -1415 + -102?
-1521
In base 14, what is -3d65 - 3?
-3d68
In base 7, what is -366 + -1?
-400
In base 6, what is 1415 - -1?
1420
In base 5, what is -103303 + 1?
-103302
In base 11, what is 3 - 1?
2
In base 6, what is 4 - -1302?
1310
In base 7, what is 3 - -11602?
11605
In base 4, what is -3 + 1300?
1231
In base 16, what is 21 - -9?
2a
In base 5, what is -1011 - -2?
-1004
In base 14, what is 1 + 6?
7
In base 5, what is 112 - -4?
121
In base 4, what is 0 - 11?
-11
In base 10, what is -3 - -104?
101
In base 8, what is 35 + 225?
262
In base 12, what is -5 + 1433?
142a
In base 10, what is -15 - -10?
-5
In base 11, what is 184 + 23?
1a7
In base 4, what is 222 - 10?
212
In base 8, what is -7 - -5?
-2
In base 2, what is 10 - 10110?
-10100
In base 8, what is -17 + 16?
-1
In base 11, what is -2069 - -5?
-2064
In base 11, what is -a - 3a?
-49
In base 2, what is -101000 - -11100?
-1100
In base 15, what is 5 - -34?
39
In base 12, what is -48 + -14?
-60
In base 15, what is -2 + -1a?
-1c
In base 10, what is 12 + 6?
18
In base 9, what is 503 - -3?
506
In base 3, what is 100022 + -12?
100010
In base 6, what is 0 + 1425?
1425
In base 11, what is 23064 - 4?
23060
In base 4, what is 3 - 1111?
-1102
In base 10, what is 3 + 460?
463
In base 16, what is -11f + 17?
-108
In base 12, what is 7 + -320?
-315
In base 12, what is -1095 + -4?
-1099
In base 14, what is -2a - 5?
-31
In base 14, what is -2 - 6a?
-6c
In base 12, what is 326 + -25?
301
In base 16, what is f9 + -5?
f4
In base 4, what is -1023 - 10?
-1033
In base 5, what is 24 + -2401?
-2322
In base 13, what is 1 + 122?
123
In base 2, what is -101001100 - 10?
-101001110
In base 11, what is -6 + -64?
-6a
In base 11, what is -2 + 65?
63
In base 7, what is 3 - 205?
-202
In base 12, what is 10 + 19?
29
In base 2, what is 101 - -10100111111?
10101000100
In base 6, what is 110 + 11?
121
In base 15, what is -2ae - -3?
-2ab
In base 12, what is 6 + 17?
21
In base 8, what is -5 + 4332?
4325
In base 10, what is 24 - 5?
19
In base 16, what is 524 + 3?
527
In base 5, what is -13042 + -2?
-13044
In base 15, what is 37 - 2?
35
In base 4, what is 0 + 2323?
2323
In base 15, what is -25 - 18?
-3d
In base 12, what is -2b6 - 3b?
-335
In base 9, what is -146 + 1?
-145
In base 13, what is -4 - 178?
-17c
In base 16, what is -50 - 5?
-55
In base 4, what is -1002 - -320?
-22
In base 11, what is -344 - 3?
-347
In base 9, what is 6650 - 2?
6647
In base 5, what is 12 + 32?
44
In base 16, what is 6 + -1e?
-18
In base 10, what is 1 + 193?
194
In base 15, what is 68a + -2?
688
In base 12, what is 5 - -49?
52
In base 13, what is -2 - 30b?
-310
In base 12, what is -827 - 1?
-828
In base 14, what is b8 + 3?
bb
In base 14, what is -5c7 + -4?
-5cb
In base 7, what is 141 + 4?
145
In base 11, what is 680 + 1?
681
In base 10, what is 20 + 4?
24
In base 11, what is -4528 + 3?
-4525
In base 3, what is -1121112 - 2?
-1121121
In base 7, what is -1235 + 0?
-1235
In base 8, what is 2523 + 5?
2530
In base 15, what is -130 - 20?
-150
In base 2, what is 10000 - -10101001?
10111001
In base 15, what is -4e - -1c?
-32
In base 4, what is 12200 - 10?
12130
In base 6, what is 10 + -324?
-314
In base 13, what is -8 - 4b0?
-4b8
In base 14, what is -15c - 0?
-15c
In base 2, what is 100 - -100110111101?
100111000001
In base 3, what is -12 + -1102?
-1121
In base 5, what is 4 + 1022?
1031
In base 13, what is -52c + -4?
-533
In base 3, what is -11 - -220?
202
In base 4, what is 1331 + 23?
2020
In base 3, what is -1021 - -1002?
-12
In base 9, what is 4 - -113?
117
In base 9, what is 5 + 405?
411
In base 14, what is -c - -1b?
d
In base 4, what is 1112 + 112?
1230
In base 10, what is 2274 - -